{"id":977,"date":"2019-08-20T15:34:42","date_gmt":"2019-08-20T15:34:42","guid":{"rendered":"http:\/\/wsm.syne.at\/?page_id=977"},"modified":"2019-09-13T09:17:09","modified_gmt":"2019-09-13T09:17:09","slug":"topper-kontur","status":"publish","type":"page","link":"https:\/\/www.wsm-schlafsysteme.at\/?page_id=977","title":{"rendered":"Topper"},"content":{"rendered":"<p><section class=\"kc-elm kc-css-894039 kc_row\"><div class=\"kc-row-container  kc-container\"><div class=\"kc-wrap-columns\"><div class=\"kc-elm kc-css-562054 kc_col-sm-12 kc_column kc_col-sm-12\"><div class=\"kc-col-container\"><div class=\"kc-elm kc-css-610912 kc_text_block\"><\/p>\n<p><strong><a href=\"http:\/\/wsm-schlafsysteme.at\/?page_id=963\">St\u00fctztopper<\/a> \u00a0 \u00a0 \u00a0 \u00a0\u00a0 Kontur Topper \u00a0 \u00a0 \u00a0 \u00a0\u00a0 <a href=\"http:\/\/wsm-schlafsysteme.at\/?page_id=989\">Klima Topper<\/a><\/strong><\/p>\n<p>\n<\/div><\/div><\/div><\/div><\/div><\/section><section class=\"kc-elm kc-css-334128 kc_row\"><div class=\"kc-row-container  kc-container\"><div class=\"kc-wrap-columns\"><div class=\"kc-elm kc-css-695176 kc_col-sm-12 kc_column kc_col-sm-12\"><div class=\"kc-col-container\"><div class=\"kc-elm kc-css-777894 kc_text_block\"><\/p>\n<p>Ergonomisch Schlafen auf Ihrem Luftbett: Der Konturtopper passt sich der K\u00f6rperform an, wirkt druckentlastend und sorgt f\u00fcr ein angenehm-warmes Liegegef\u00fchl.<\/p>\n<p>\n<\/div><\/div><\/div><\/div><\/div><\/section><section class=\"kc-elm kc-css-75092 kc_row\"><div class=\"kc-row-container  kc-container\"><div class=\"kc-wrap-columns\"><div class=\"kc-elm kc-css-891870 kc_col-sm-6 kc_column kc_col-sm-6\"><div class=\"kc-col-container\"><div class=\"kc-elm kc-css-792365 kc_text_block\"><\/p>\n<p><strong>Technische Daten<\/strong><\/p>\n<ul>\n<li>Bio-Soja-Viskose RG 50<\/li>\n<li>4,5 cm stark genoppt<\/li>\n<li>Bezug: 100% PES<\/li>\n<\/ul>\n<p>\n<\/div><\/div><\/div><div class=\"kc-elm kc-css-841024 kc_col-sm-6 kc_column kc_col-sm-6\"><div class=\"kc-col-container\"><div class=\"kc-elm kc-css-985349 kc_shortcode kc_single_image\">\n\n        <img decoding=\"async\" src=\"https:\/\/www.wsm-schlafsysteme.at\/wp-content\/uploads\/2019\/08\/konturtopper-400x400xc.jpg\" class=\"\" alt=\"\" \/>    <\/div>\n<\/div><\/div><\/div><\/div><\/section><\/p>\n","protected":false},"excerpt":{"rendered":"","protected":false},"author":2,"featured_media":0,"parent":0,"menu_order":0,"comment_status":"closed","ping_status":"closed","template":"","meta":{"footnotes":""},"class_list":["post-977","page","type-page","status-publish","hentry"],"_links":{"self":[{"href":"https:\/\/www.wsm-schlafsysteme.at\/index.php?rest_route=\/wp\/v2\/pages\/977","targetHints":{"allow":["GET"]}}],"collection":[{"href":"https:\/\/www.wsm-schlafsysteme.at\/index.php?rest_route=\/wp\/v2\/pages"}],"about":[{"href":"https:\/\/www.wsm-schlafsysteme.at\/index.php?rest_route=\/wp\/v2\/types\/page"}],"author":[{"embeddable":true,"href":"https:\/\/www.wsm-schlafsysteme.at\/index.php?rest_route=\/wp\/v2\/users\/2"}],"replies":[{"embeddable":true,"href":"https:\/\/www.wsm-schlafsysteme.at\/index.php?rest_route=%2Fwp%2Fv2%2Fcomments&post=977"}],"version-history":[{"count":16,"href":"https:\/\/www.wsm-schlafsysteme.at\/index.php?rest_route=\/wp\/v2\/pages\/977\/revisions"}],"predecessor-version":[{"id":2302,"href":"https:\/\/www.wsm-schlafsysteme.at\/index.php?rest_route=\/wp\/v2\/pages\/977\/revisions\/2302"}],"wp:attachment":[{"href":"https:\/\/www.wsm-schlafsysteme.at\/index.php?rest_route=%2Fwp%2Fv2%2Fmedia&parent=977"}],"curies":[{"name":"wp","href":"https:\/\/api.w.org\/{rel}","templated":true}]}}