{"id":74,"date":"2019-06-25T11:38:22","date_gmt":"2019-06-25T11:38:22","guid":{"rendered":"http:\/\/wsm.syne.at\/?page_id=74"},"modified":"2019-08-20T12:01:48","modified_gmt":"2019-08-20T12:01:48","slug":"elastica","status":"publish","type":"page","link":"https:\/\/www.wsm-schlafsysteme.at\/?page_id=74","title":{"rendered":"Elastica"},"content":{"rendered":"\n<p>Das Elastica Boxspringbett  ist eine Betten- bzw. Matratzenart der in Mitteleuropa bisher kaum Bedeutung geschenkt wurde. Erst jetzt setzt sich die Kombination Matratze auf harter Untermatratze mehr und mehr durch.<\/p>\n\n\n\n<p>Mit dieser Produktlinie  pr\u00e4sentieren wir Ihnen nun Betten in Federungen \u2013 stets unter dem Augenmerk h\u00f6chster Qualit\u00e4t. Besonders bemerkenswert sind die umfassenden Stoffkollektionen in hochwertigen und modernen Designs. Sie umfassen eine Vielzahl unterschiedlichster Qualit\u00e4ten.<\/p>\n\n\n\n<div class=\"wp-block-image\"><figure class=\"alignright\"><img loading=\"lazy\" decoding=\"async\" width=\"1024\" height=\"640\" src=\"http:\/\/www.wsm-schlafsysteme.at\/wp-content\/uploads\/2019\/08\/csm_ela_web_header_boxspringbett_gl-500l_6-7_3107ef9dab-1024x640.jpg\" alt=\"Box Spring Bett Elastica Natur Kaltschaum Federkern Sessel Decke wolldecke\" class=\"wp-image-511\" srcset=\"https:\/\/www.wsm-schlafsysteme.at\/wp-content\/uploads\/2019\/08\/csm_ela_web_header_boxspringbett_gl-500l_6-7_3107ef9dab-1024x640.jpg 1024w, https:\/\/www.wsm-schlafsysteme.at\/wp-content\/uploads\/2019\/08\/csm_ela_web_header_boxspringbett_gl-500l_6-7_3107ef9dab-350x219.jpg 350w, https:\/\/www.wsm-schlafsysteme.at\/wp-content\/uploads\/2019\/08\/csm_ela_web_header_boxspringbett_gl-500l_6-7_3107ef9dab-300x188.jpg 300w, https:\/\/www.wsm-schlafsysteme.at\/wp-content\/uploads\/2019\/08\/csm_ela_web_header_boxspringbett_gl-500l_6-7_3107ef9dab-768x480.jpg 768w, https:\/\/www.wsm-schlafsysteme.at\/wp-content\/uploads\/2019\/08\/csm_ela_web_header_boxspringbett_gl-500l_6-7_3107ef9dab.jpg 1600w\" sizes=\"auto, (max-width: 767px) 89vw, (max-width: 1000px) 54vw, (max-width: 1071px) 543px, 580px\" \/><\/figure><\/div>\n\n\n\n<p>Unsere Boxspringbetten sind ausgezeichnete \u00f6sterreichische Qualit\u00e4tsprodukte, die in den Bereichen Schlafklima und Hygiene internationalen Standards entsprechen und auch die Kriterien der Hotel-Klassifizierung \u00fcbertreffen.<\/p>\n\n\n\n<p>Boxspringbetten \u2013 gemeint ist ein Bett mit Untermatratze \u2013 erhalten  Sie bei uns in drei verschiedenen Ausf\u00fchrungen.<\/p>\n\n\n\n<div class=\"wp-block-image\"><figure class=\"alignright is-resized\"><img loading=\"lazy\" decoding=\"async\" src=\"http:\/\/www.wsm-schlafsysteme.at\/wp-content\/uploads\/2019\/07\/Box-Spring-Unterbau-1024x717.jpg\" alt=\"Box Spring Unterbau Tonnentaschenfederkern fichte Holz\" class=\"wp-image-245\" width=\"526\" height=\"367\" srcset=\"https:\/\/www.wsm-schlafsysteme.at\/wp-content\/uploads\/2019\/07\/Box-Spring-Unterbau-1024x717.jpg 1024w, https:\/\/www.wsm-schlafsysteme.at\/wp-content\/uploads\/2019\/07\/Box-Spring-Unterbau-350x245.jpg 350w, https:\/\/www.wsm-schlafsysteme.at\/wp-content\/uploads\/2019\/07\/Box-Spring-Unterbau-300x210.jpg 300w, https:\/\/www.wsm-schlafsysteme.at\/wp-content\/uploads\/2019\/07\/Box-Spring-Unterbau-768x538.jpg 768w, https:\/\/www.wsm-schlafsysteme.at\/wp-content\/uploads\/2019\/07\/Box-Spring-Unterbau.jpg 1500w\" sizes=\"auto, (max-width: 526px) 100vw, 526px\" \/><figcaption>Unterbau mit Tonnentaschenfederkern<\/figcaption><\/figure><\/div>\n\n\n\n<ol class=\"wp-block-list\"><li><strong>Bett mit Federkern:<\/strong><br>Doppeltverg\u00fcteter Bonell Federkern 2,2 mm Drahtst\u00e4rke fest verankert und mit Thermofilz abgedeckt. Eine umseitig feste Negativaufkantung verhindert ein Verrutschen der Matratze.<\/li><li><strong>Bett mit Tonnentaschenfederkern:<\/strong><br>Die Untermatratze ist im Prinzip eine Tonnentaschenfederkernmatratze, bei der die Metallfedern eine bauchige Form haben und in Stoffs\u00e4ckchen gen\u00e4ht sind. Die Federn werden nur am mittleren Ring miteinander verbunden, so kann jede Feder einzeln federn. Dies wirkt sich hervorragend auf die Punktelastizit\u00e4t und Anschmiegsamkeit der Matratze aus. Gleichzeitig ist nat\u00fcrlich die Qualit\u00e4t der Abdeckung entscheidend.<\/li><li><strong>Bett mit Lattenrost:<\/strong><br>Hochwertiger, stabiler Buchenschichtholzrahmen  mit beweglich gelagerten Federholzleisten. Mittelgurt zur optimalen Druckverteilung und verst\u00e4rkte Beckenzone mit individueller H\u00e4rtegradverstellung. Fix montiert.<\/li><\/ol>\n\n\n\n<p>Die Betth\u00f6he ohne Matratze betr\u00e4gt jeweils rund 35 cm. Mit Matratze bis zu ca. 60 cm.<\/p>\n\n\n\n<figure class=\"wp-block-image\"><img loading=\"lazy\" decoding=\"async\" width=\"697\" height=\"364\" src=\"http:\/\/www.wsm-schlafsysteme.at\/wp-content\/uploads\/2019\/08\/box-1neu.png\" alt=\"\" class=\"wp-image-786\" srcset=\"https:\/\/www.wsm-schlafsysteme.at\/wp-content\/uploads\/2019\/08\/box-1neu.png 697w, https:\/\/www.wsm-schlafsysteme.at\/wp-content\/uploads\/2019\/08\/box-1neu-350x183.png 350w, https:\/\/www.wsm-schlafsysteme.at\/wp-content\/uploads\/2019\/08\/box-1neu-300x157.png 300w\" sizes=\"auto, (max-width: 697px) 100vw, 697px\" \/><\/figure>\n\n\n\n<p>Auf diese Unterfederung werden dann wieder die Matratzen gelegt. Der optische Unterschied ist dann der, das die Unterfederung mit dem Bettrahmen b\u00fcndig abschlie\u00dft, und die obere Matratze seitlich b\u00fcndig mit dem Bettrahmen abschlie\u00dft und nicht im Bettrahmen zum Teil einsinkt.<\/p>\n","protected":false},"excerpt":{"rendered":"<p>Das Elastica Boxspringbett ist eine Betten- bzw. Matratzenart der in Mitteleuropa bisher kaum Bedeutung geschenkt wurde. Erst jetzt setzt sich die Kombination Matratze auf harter Untermatratze mehr und mehr durch. Mit dieser Produktlinie pr\u00e4sentieren wir Ihnen nun Betten in Federungen \u2013 stets unter dem Augenmerk h\u00f6chster Qualit\u00e4t. Besonders bemerkenswert sind die umfassenden Stoffkollektionen in hochwertigen &hellip; <\/p>\n<p class=\"link-more\"><a href=\"https:\/\/www.wsm-schlafsysteme.at\/?page_id=74\" class=\"more-link\"><span class=\"screen-reader-text\">\u201eElastica\u201c <\/span>weiterlesen<\/a><\/p>\n","protected":false},"author":1,"featured_media":0,"parent":0,"menu_order":0,"comment_status":"closed","ping_status":"closed","template":"","meta":{"footnotes":""},"class_list":["post-74","page","type-page","status-publish","hentry"],"_links":{"self":[{"href":"https:\/\/www.wsm-schlafsysteme.at\/index.php?rest_route=\/wp\/v2\/pages\/74","targetHints":{"allow":["GET"]}}],"collection":[{"href":"https:\/\/www.wsm-schlafsysteme.at\/index.php?rest_route=\/wp\/v2\/pages"}],"about":[{"href":"https:\/\/www.wsm-schlafsysteme.at\/index.php?rest_route=\/wp\/v2\/types\/page"}],"author":[{"embeddable":true,"href":"https:\/\/www.wsm-schlafsysteme.at\/index.php?rest_route=\/wp\/v2\/users\/1"}],"replies":[{"embeddable":true,"href":"https:\/\/www.wsm-schlafsysteme.at\/index.php?rest_route=%2Fwp%2Fv2%2Fcomments&post=74"}],"version-history":[{"count":5,"href":"https:\/\/www.wsm-schlafsysteme.at\/index.php?rest_route=\/wp\/v2\/pages\/74\/revisions"}],"predecessor-version":[{"id":787,"href":"https:\/\/www.wsm-schlafsysteme.at\/index.php?rest_route=\/wp\/v2\/pages\/74\/revisions\/787"}],"wp:attachment":[{"href":"https:\/\/www.wsm-schlafsysteme.at\/index.php?rest_route=%2Fwp%2Fv2%2Fmedia&parent=74"}],"curies":[{"name":"wp","href":"https:\/\/api.w.org\/{rel}","templated":true}]}}