{"id":484,"date":"2019-08-14T15:29:03","date_gmt":"2019-08-14T15:29:03","guid":{"rendered":"http:\/\/wsm.syne.at\/?page_id=484"},"modified":"2019-09-13T08:04:37","modified_gmt":"2019-09-13T08:04:37","slug":"wasserbetten-allgemein","status":"publish","type":"page","link":"https:\/\/www.wsm-schlafsysteme.at\/?page_id=484","title":{"rendered":"Wasserbetten Allgemein"},"content":{"rendered":"<p><section class=\"kc-elm kc-css-910974 kc_row\"><div class=\"kc-row-container  kc-container\"><div class=\"kc-wrap-columns\"><div class=\"kc-elm kc-css-803798 kc_column kc_col-sm-12\"><div class=\"kc-col-container\"><div class=\"kc-elm kc-css-80452 kc_text_block\"><\/p>\n<p><span style=\"display: inline !important; float: none; background-color: transparent; color: #333333; font-family: 'Libre Franklin','Helvetica Neue',helvetica,arial,sans-serif; font-size: 16px; font-style: normal; font-variant: normal; font-weight: 400; letter-spacing: normal; orphans: 2; text-align: left; text-decoration: none; text-indent: 0px; text-transform: none; -webkit-text-stroke-width: 0px; white-space: normal; word-spacing: 0px;\">Wasserbetten sind keine Erfindung der Neuzeit. Bereits vor hunderten<\/span><br \/><span style=\"display: inline !important; float: none; background-color: transparent; color: #333333; font-family: 'Libre Franklin','Helvetica Neue',helvetica,arial,sans-serif; font-size: 16px; font-style: normal; font-variant: normal; font-weight: 400; letter-spacing: normal; orphans: 2; text-align: left; text-decoration: none; text-indent: 0px; text-transform: none; -webkit-text-stroke-width: 0px; white-space: normal; word-spacing: 0px;\">von Jahren wussten Menschen um die Vorteile von Wasserbetten, welche auf<\/span><br \/><span style=\"display: inline !important; float: none; background-color: transparent; color: #333333; font-family: 'Libre Franklin','Helvetica Neue',helvetica,arial,sans-serif; font-size: 16px; font-style: normal; font-variant: normal; font-weight: 400; letter-spacing: normal; orphans: 2; text-align: left; text-decoration: none; text-indent: 0px; text-transform: none; -webkit-text-stroke-width: 0px; white-space: normal; word-spacing: 0px;\"> Grund Ihrer hydrostatischen Eigenschaften zu einem besseren und<\/span><br \/><span style=\"display: inline !important; float: none; background-color: transparent; color: #333333; font-family: 'Libre Franklin','Helvetica Neue',helvetica,arial,sans-serif; font-size: 16px; font-style: normal; font-variant: normal; font-weight: 400; letter-spacing: normal; orphans: 2; text-align: left; text-decoration: none; text-indent: 0px; text-transform: none; -webkit-text-stroke-width: 0px; white-space: normal; word-spacing: 0px;\">erholsameren Schlaf beitragen.<\/span><\/p>\n<p>\n<\/div><\/div><\/div><\/div><\/div><\/section><section class=\"kc-elm kc-css-203941 kc_row\"><div class=\"kc-row-container  kc-container\"><div class=\"kc-wrap-columns\"><div class=\"kc-elm kc-css-671798 kc_col-sm-4 kc_column kc_col-sm-4\"><div class=\"kc-col-container\"><div class=\"kc-elm kc-css-968314 kc_text_block\"><\/p>\n<h3>Druckentlastung f\u00fcr den K\u00f6rper<\/h3>\n<p>Bei einem Wasserbett passt sich die Wassermatratze exakt an den K\u00f6rper an. Durch den hydrodynamischen Druck gibt es keine Druckbelastungen, die Wirbels\u00e4ule wird optimal unterst\u00fctzt.<\/p>\n<h3>Verl\u00e4ngerte Tiefschlafphasen<\/h3>\n<p>Das Element Wasser sorgt f\u00fcr eine gleichm\u00e4\u00dfige Liegeauflage. Druckstellen fallen weg. W\u00e4hrend des Schlafens w\u00e4lzt man sich weniger, was zu geringeren Schlafunterbrechungen und einer Verl\u00e4ngerung der Tiefschlafphasen f\u00fchrt \u2013 welche wesentlich zur Regeneration des K\u00f6rpers beitragen.<\/p>\n<h3>Immer gem\u00fctlich warm<\/h3>\n<p>Wasserbetten sind immer richtig temperiert. Im Winter schlafen Sie herrlich warm und im Sommer herrlich k\u00fchl. Wir empfehlen zu Temperaturen zwischen 28 bis 31 Grad. Bei geteilten Matratzen k\u00f6nnen Sie und Ihr Partner Ihre eigene Lieblingstemperatur festlegen.<\/p>\n<p>\n<\/div><\/div><\/div><div class=\"kc-elm kc-css-988304 kc_col-sm-4 kc_column kc_col-sm-4\"><div class=\"kc-col-container\"><div class=\"kc-elm kc-css-554094 kc_shortcode kc_single_image\">\n\n        <a  href=\"http:\/\/www.wsm-schlafsysteme.at\/?page_id=524\" title=\"Wasserbetten\" target=\"_self\">\n        <img decoding=\"async\" src=\"https:\/\/www.wsm-schlafsysteme.at\/wp-content\/uploads\/2019\/08\/wbt-0553.jpg\" class=\"\" alt=\"\" \/><div class=\"kc-image-overlay\"><i class=\"fa-plus\"><\/i><\/div>    <\/a>\n    \t    <p class=\"scapt\">Wasserbettarten Link im Bild<\/p>\n\t    <\/div>\n<div class=\"kc-elm kc-css-197484 kc_text_block\"><\/p>\n<h3>\u00a0<\/h3>\n<h3>Lebensdauer<\/h3>\n<p>Herk\u00f6mmliche Matratzen verlieren nach einigen Jahren an Spannung, geben an den Druckstellen nach. Bei Wassermatratzen gibt es diesen Wirkungsverlust nicht. Wassermatratzen halten in der Regel doppelt so lang wie herk\u00f6mmliche Matratzen, und das bei gleichbleibender Leistung!<\/p>\n<h3>Fun<\/h3>\n<p>Eine Wassermatratze macht richtig Spa\u00df. Sie eignet sich hervorragend f\u00fcrs Herumtollen Ihrer Kinder, oder auch f\u00fcr eigene Stunts. Die Oberfl\u00e4che passt sich gut an und d\u00e4mpft.<\/p>\n<h3>Belastbarkeit<\/h3>\n<p>Ihre Haustiere m\u00f6chten mit ins Bett? Kein Problem! Die Krallen von Hunden und Katzen k\u00f6nnen der Wassermatratze, die ja durch eine Textilauflage gesch\u00fctzt ist, nichts anhaben.<\/p>\n<p>\n<\/div><\/div><\/div><div class=\"kc-elm kc-css-246678 kc_col-sm-4 kc_column kc_col-sm-4\"><div class=\"kc-col-container\"><div class=\"kc-elm kc-css-200213 kc_text_block\"><\/p>\n<h3>Entspannte Muskeln<\/h3>\n<p>Die eingebaute Matratzenheizung sorgt Sommer wie Winter f\u00fcr eine<br \/>angenehme W\u00e4rme. Das Zusammenspiel von W\u00e4rme und hydrodynamischen Druck<br \/>erm\u00f6glicht Ihren Muskeln sich vollkommen zu entspannen.<\/p>\n<h3>Schnelleres Einschlafen<\/h3>\n<p>Durch die individuell einstellbare Wohlf\u00fchltemperatur entf\u00e4llt die<br \/>Auf- bzw. Anw\u00e4rmphase. Man schl\u00fcpft in ein bereits warmes Bett, ist<br \/>sofort entspannt und schl\u00e4ft dadurch fr\u00fcher ein.<\/p>\n<h3>Allergie \u2013 Leb wohl!<\/h3>\n<p>Sag Ja zu Hygiene &amp; Nein zur Allergie.<br \/>Im Gegensatz zu anderen<br \/>Betten finden Sie in einer Wassermatratze weder Schwei\u00df, Staub, noch<br \/>Bakterien oder Milben. Die Vinyloberfl\u00e4che wird einfach abgewischt, und<br \/>die Textilauflage zur Reinigung in die Waschmaschine gegeben. Auch das<br \/>Wasser im Tank bleibt mit Hilfe von unseren Conditioners immer frisch.<br \/>Hygienisch gesehen ist ein Wasserbett absoluter Marktf\u00fchrer.<\/p>\n<p>\n<\/div><\/div><\/div><\/div><\/div><\/section><\/p>\n","protected":false},"excerpt":{"rendered":"","protected":false},"author":1,"featured_media":0,"parent":0,"menu_order":0,"comment_status":"closed","ping_status":"closed","template":"","meta":{"footnotes":""},"class_list":["post-484","page","type-page","status-publish","hentry"],"_links":{"self":[{"href":"https:\/\/www.wsm-schlafsysteme.at\/index.php?rest_route=\/wp\/v2\/pages\/484","targetHints":{"allow":["GET"]}}],"collection":[{"href":"https:\/\/www.wsm-schlafsysteme.at\/index.php?rest_route=\/wp\/v2\/pages"}],"about":[{"href":"https:\/\/www.wsm-schlafsysteme.at\/index.php?rest_route=\/wp\/v2\/types\/page"}],"author":[{"embeddable":true,"href":"https:\/\/www.wsm-schlafsysteme.at\/index.php?rest_route=\/wp\/v2\/users\/1"}],"replies":[{"embeddable":true,"href":"https:\/\/www.wsm-schlafsysteme.at\/index.php?rest_route=%2Fwp%2Fv2%2Fcomments&post=484"}],"version-history":[{"count":99,"href":"https:\/\/www.wsm-schlafsysteme.at\/index.php?rest_route=\/wp\/v2\/pages\/484\/revisions"}],"predecessor-version":[{"id":2186,"href":"https:\/\/www.wsm-schlafsysteme.at\/index.php?rest_route=\/wp\/v2\/pages\/484\/revisions\/2186"}],"wp:attachment":[{"href":"https:\/\/www.wsm-schlafsysteme.at\/index.php?rest_route=%2Fwp%2Fv2%2Fmedia&parent=484"}],"curies":[{"name":"wp","href":"https:\/\/api.w.org\/{rel}","templated":true}]}}