{"id":386,"date":"2019-08-14T12:34:30","date_gmt":"2019-08-14T12:34:30","guid":{"rendered":"http:\/\/wsm.syne.at\/?page_id=386"},"modified":"2019-08-14T12:36:34","modified_gmt":"2019-08-14T12:36:34","slug":"das-hard-side-wasserbett","status":"publish","type":"page","link":"https:\/\/www.wsm-schlafsysteme.at\/?page_id=386","title":{"rendered":"Das Hard-Side Wasserbett"},"content":{"rendered":"\n<p><em>Das Hard-Side Bett ist das Ur-Wasserbett und zeichnet sich durch seinen einzigartigen Liegekomfort aus.<\/em><\/p>\n\n\n\n<div class=\"wp-block-image\"><figure class=\"alignright is-resized\"><img loading=\"lazy\" decoding=\"async\" src=\"http:\/\/www.wsm-schlafsysteme.at\/wp-content\/uploads\/2019\/08\/isi_hard-1024x640.jpg\" alt=\"HardSide Wasserbett in Eiche Bett mit Kissen Polster und decke sowie Spannbetttuch\" class=\"wp-image-378\" width=\"340\" height=\"213\" srcset=\"https:\/\/www.wsm-schlafsysteme.at\/wp-content\/uploads\/2019\/08\/isi_hard-1024x640.jpg 1024w, https:\/\/www.wsm-schlafsysteme.at\/wp-content\/uploads\/2019\/08\/isi_hard-350x219.jpg 350w, https:\/\/www.wsm-schlafsysteme.at\/wp-content\/uploads\/2019\/08\/isi_hard-300x188.jpg 300w, https:\/\/www.wsm-schlafsysteme.at\/wp-content\/uploads\/2019\/08\/isi_hard-768x480.jpg 768w, https:\/\/www.wsm-schlafsysteme.at\/wp-content\/uploads\/2019\/08\/isi_hard.jpg 1600w\" sizes=\"auto, (max-width: 340px) 100vw, 340px\" \/><figcaption>Hard-Side Wasserbett<\/figcaption><\/figure><\/div>\n\n\n\n<p><em>Der \u00dcberzug ist um die Wassermatratze gest\u00fclpt.<\/em><br><em>Somit ergibt sich eine sehr gute Elastizit\u00e4t in der Oberfl\u00e4che und dadurch eine perfekte K\u00f6rperanpassung.<\/em><\/p>\n\n\n\n<p><em>Bei diesem Bettsystem ist ein stabiler Umbau notwendig der die Wassermatratze st\u00fctzt. Hierbei ist dann die Bettseitenoberkante in gleicher H\u00f6he wie die Wasseroberfl\u00e4che. Der Komfort-Nachteil gegen\u00fcber dem Soft-Side wird schon durch den Namen verraten.<\/em><\/p>\n\n\n\n<h2 class=\"wp-block-heading\">Vorteil<\/h2>\n\n\n\n<p><em>Das Hard-Side Bett ist durch seine einfache Bauweise, vorausgesetzt ein Bettgestell ist vorhanden, dennoch eine preisliche Alternative zum Soft-Side Wasserbett.<\/em><\/p>\n\n\n\n<h2 class=\"wp-block-heading\">Nachteile<\/h2>\n\n\n\n<p><em>Die Bettseite ist hart und erschwert das aus und einsteigen. <\/em><\/p>\n\n\n\n<p><em>Das Sitzen auf der Bettkante ist meistens sehr unbequem und verursacht blaue Flecken. <\/em><\/p>\n","protected":false},"excerpt":{"rendered":"<p>Das Hard-Side Bett ist das Ur-Wasserbett und zeichnet sich durch seinen einzigartigen Liegekomfort aus. Der \u00dcberzug ist um die Wassermatratze gest\u00fclpt.Somit ergibt sich eine sehr gute Elastizit\u00e4t in der Oberfl\u00e4che und dadurch eine perfekte K\u00f6rperanpassung. Bei diesem Bettsystem ist ein stabiler Umbau notwendig der die Wassermatratze st\u00fctzt. Hierbei ist dann die Bettseitenoberkante in gleicher H\u00f6he &hellip; <\/p>\n<p class=\"link-more\"><a href=\"https:\/\/www.wsm-schlafsysteme.at\/?page_id=386\" class=\"more-link\"><span class=\"screen-reader-text\">\u201eDas Hard-Side Wasserbett\u201c <\/span>weiterlesen<\/a><\/p>\n","protected":false},"author":1,"featured_media":0,"parent":0,"menu_order":0,"comment_status":"closed","ping_status":"closed","template":"","meta":{"footnotes":""},"class_list":["post-386","page","type-page","status-publish","hentry"],"_links":{"self":[{"href":"https:\/\/www.wsm-schlafsysteme.at\/index.php?rest_route=\/wp\/v2\/pages\/386","targetHints":{"allow":["GET"]}}],"collection":[{"href":"https:\/\/www.wsm-schlafsysteme.at\/index.php?rest_route=\/wp\/v2\/pages"}],"about":[{"href":"https:\/\/www.wsm-schlafsysteme.at\/index.php?rest_route=\/wp\/v2\/types\/page"}],"author":[{"embeddable":true,"href":"https:\/\/www.wsm-schlafsysteme.at\/index.php?rest_route=\/wp\/v2\/users\/1"}],"replies":[{"embeddable":true,"href":"https:\/\/www.wsm-schlafsysteme.at\/index.php?rest_route=%2Fwp%2Fv2%2Fcomments&post=386"}],"version-history":[{"count":3,"href":"https:\/\/www.wsm-schlafsysteme.at\/index.php?rest_route=\/wp\/v2\/pages\/386\/revisions"}],"predecessor-version":[{"id":390,"href":"https:\/\/www.wsm-schlafsysteme.at\/index.php?rest_route=\/wp\/v2\/pages\/386\/revisions\/390"}],"wp:attachment":[{"href":"https:\/\/www.wsm-schlafsysteme.at\/index.php?rest_route=%2Fwp%2Fv2%2Fmedia&parent=386"}],"curies":[{"name":"wp","href":"https:\/\/api.w.org\/{rel}","templated":true}]}}