{"id":29,"date":"2019-06-14T14:05:54","date_gmt":"2019-06-14T14:05:54","guid":{"rendered":"http:\/\/wsm.syne.at\/?page_id=29"},"modified":"2019-06-14T14:05:54","modified_gmt":"2019-06-14T14:05:54","slug":"datenschutzerklaerung","status":"publish","type":"page","link":"https:\/\/www.wsm-schlafsysteme.at\/?page_id=29","title":{"rendered":"Datenschutzerkl\u00e4rung"},"content":{"rendered":"\n<p>Der Betreiber dieser Webseite nimmt den Schutz Ihrer  pers\u00f6nlichen Daten sehr ernst, Ihre Privatsph\u00e4re genie\u00dft h\u00f6chste  Priorit\u00e4t. Wir behandeln Ihre personenbezogenen Daten vertraulich und  entsprechend der gesetzlichen Datenschutzvorschriften sowie dieser  Datenschutzerkl\u00e4rung. Wenn Sie diese Website benutzen, werden  verschiedene personenbezogene Daten erhoben. Dies sind Daten, mit denen  Sie pers\u00f6nlich identifiziert werden k\u00f6nnen. Die folgende  Datenschutzerkl\u00e4rung erl\u00e4utert, welche Daten wir erheben und wof\u00fcr sie  genutzt werden. Sie erl\u00e4utert auch, wie und zu welchem Zweck das  geschieht. Wir weisen darauf hin, dass die Daten\u00fcbertragung im Internet  (z.B. bei der Kommunikation per E-Mail) Sicherheitsl\u00fccken aufweisen  kann. Ein l\u00fcckenloser Schutz der Daten vor dem Zugriff durch Dritte ist  nicht immer m\u00f6glich.<\/p>\n\n\n\n<h2 class=\"wp-block-heading\">Verantwortliche<\/h2>\n\n\n\n<p>WSM Wasserbetten GmbH<br>A-5301 Eugendorf \u00b7 Kirchenstra\u00dfe 37<br> vertreten durch: Josef Meyh\u00f6fer<\/p>\n\n\n\n<h2 class=\"wp-block-heading\">Widerruf ihrer Einwiliigung zur Datenverarbeitung<\/h2>\n\n\n\n<p>Viele Datenverarbeitungsvorg\u00e4nge sind nur mit Ihrer  ausdr\u00fccklichen Einwilligung m\u00f6glich. Sie k\u00f6nnen eine bereits erteilte  Einwilligung jederzeit widerrufen. Dazu reicht eine formlose Mitteilung  per E-Mail an uns. Die Rechtm\u00e4\u00dfigkeit der bis zum Widerruf erfolgten  Datenverarbeitung bleibt vom Widerruf unber\u00fchrt.<\/p>\n\n\n\n<h2 class=\"wp-block-heading\">Auskunft, Sperrung, L\u00f6schung<\/h2>\n\n\n\n<p>Sie haben im Rahmen der geltenden gesetzlichen  Bestimmungen u.a. ein Recht auf einmalige entgeltliche Auskunft \u00fcber  ihre gespeicherten Daten, sowie ggf. ein Recht auf Berichtigung,  Sperrung oder L\u00f6schung von Daten.<\/p>\n\n\n\n<h2 class=\"wp-block-heading\">Recht auf Daten\u00fcbertragbarkeit<\/h2>\n\n\n\n<p>Sie haben das Recht, Daten, die wir auf Grundlage Ihrer  Einwilligung oder in Erf\u00fcllung eines Vertrags automatisiert verarbeiten,  an sich oder an einen Dritten in einem g\u00e4ngigen, maschinenlesbaren  Format aush\u00e4ndigen zu lassen. Sofern Sie die direkte \u00dcbertragung der  Daten an einen anderen Verantwortlichen verlangen, erfolgt dies nur,  soweit es technisch machbar ist.<\/p>\n\n\n\n<h2 class=\"wp-block-heading\">Verschl\u00fcsselung<\/h2>\n\n\n\n<p>Diese Seite nutzt aus Sicherheitsgr\u00fcnden und zum Schutz  der \u00dcbertragung vertraulicher Inhalte, wie zum Beispiel Bestellungen  oder Anfragen, die Sie an uns senden, eine SSL-Verschl\u00fcsselung. Eine  verschl\u00fcsselte Verbindung erkennen Sie daran, dass die Adresszeile des  Browsers mit \u201chttps:\/\/\u201d beginnt und an dem Schloss-Symbol in Ihrer  Browserzeile. Durch diese Verschl\u00fcsselung k\u00f6nnen die Daten, die Sie an  uns \u00fcbermitteln, nicht von Dritten mitgelesen werden.<\/p>\n\n\n\n<h2 class=\"wp-block-heading\">Log-Dateien<\/h2>\n\n\n\n<p>Der Provider der Seiten erhebt und speichert automatisch  Informationen in so genannten Server-Log-Dateien, die Ihr Browser  automatisch an uns \u00fcbermittelt. Dies sind:<\/p>\n\n\n\n<ul class=\"wp-block-list\"><li>Browsertyp und Browserversion<\/li><li>verwendetes Betriebssystem<\/li><li>Referrer URL<\/li><li>aufgerufene Ressource<\/li><li>Hostname des zugreifenden Rechners<\/li><li>Uhrzeit der  Serveranfrage<\/li><li>IP-Adresse<\/li><\/ul>\n\n\n\n<p>Eine Zusammenf\u00fchrung dieser Daten mit anderen Datenquellen wird nicht vorgenommen.<\/p>\n\n\n\n<h2 class=\"wp-block-heading\">Analysezwecke<\/h2>\n\n\n\n<p>Dar\u00fcber hinaus werden Daten zu Analysezwecken erhoben  und verwendet. Diese Datenverarbeitung erfolgt nicht personenbezogen  (siehe hierzu nachstehend Informationen zu Cookies).<\/p>\n\n\n\n<h2 class=\"wp-block-heading\">Informationen zu Cookies<\/h2>\n\n\n\n<p>Diese Website verwendet so genannte Cookies. Dabei  handelt es sich um kleine Textdateien, die mit Hilfe des Browsers auf  Ihrem Endger\u00e4t abgelegt werden. Sie richten keinen Schaden an.<\/p>\n\n\n\n<p>Auf dieser Seite werden sogenannte Session Cookies verwendet. Diese  werden beim Aufruf der Website generiert und automatisch wieder  gel\u00f6scht. Sie dienen der Wiedererkennung, wenn Sie innerhalb kurzer Zeit  dieselbe Website erneut aufrufen, um bereits get\u00e4tigte Voreinstellungen  erneut zu ber\u00fccksichtigen. Es werden dabei keinerlei personenbezogene  Daten gespeichert oder verarbeitet.<\/p>\n\n\n\n<p>Cookies haben den Zweck, das Website-Angebot nutzerfreundlich zu  gestalten. Einige Cookies bleiben auf Ihrem Endger\u00e4t gespeichert, bis  Sie diese l\u00f6schen. Sie erm\u00f6glichen es sohin dem Websitebetreiber, Ihren  Browser beim n\u00e4chsten Besuch wiederzuerkennen. Wenn Sie dies nicht  w\u00fcnschen, so k\u00f6nnen Sie Ihren Browser so einrichten, dass er Sie \u00fcber  das Setzen von Cookies informiert und Sie dies nur im Einzelfall  erlauben. Bei der Deaktivierung von Cookies kann die Funktionalit\u00e4t der  Website jedoch eingeschr\u00e4nkt sein.<\/p>\n\n\n\n<h2 class=\"wp-block-heading\">Webanalysedienst Google (Google Analytics)<\/h2>\n\n\n\n<p>Diese Website nutzt Funktionen des Webanalysedienstes  Google Analytics. Anbieter ist Google Inc., 1600 Amphitheatre Parkway  Mountain View, CA 94043, USA. Wir nutzen die Funktion \u201eAktivierung der  IP-Anonymisierung\u201c auf dieser Website. Dadurch wird Ihre IP-Adresse von  Google innerhalb von Mitgliedstaaten der Europ\u00e4ischen Union oder in  anderen Vertragsstaaten des Abkommens \u00fcber den Europ\u00e4ischen  Wirtschaftsraum vor der Verarbeitung\/Speicherung gek\u00fcrzt. Im Auftrag des  Betreibers dieser Website wird Google diese Informationen benutzen, um  Ihre Nutzung der Website auszuwerten, um Reports \u00fcber die  Websiteaktivit\u00e4ten zusammenzustellen, um die Kampagnenleistung von  Onlinewerbung f\u00fcr Analyse- und Optimierungszwecke zu messen.<\/p>\n\n\n\n<p>Zu den verarbeiteten Daten z\u00e4hlen insbesondere Online-Kennzeichnungen  (einschlie\u00dflich Cookie-Kennungen), Internet-Protokoll-Adressen,  Ger\u00e4tekennungen, Standortdaten, vom Kunden vergebene Kennzeichnungen  sowie Nutzerdaten (insbesondere Zeitpunkt und Dauer des Zugriffs,  Auswahl bestimmter Angebote, etc.). Mehr Informationen zum Umgang mit  Nutzerdaten bei Google Analytics finden Sie in der Datenschutzerkl\u00e4rung  von Google, abrufbar unter <a rel=\"noreferrer noopener\" href=\"https:\/\/policies.google.com\/privacy?hl=de\" target=\"_blank\">https:\/\/policies.google.com\/privacy?hl=de<\/a>.<\/p>\n\n\n\n<p>Sie k\u00f6nnen die Erfassung der durch das Cookie erzeugten und auf Ihre  Nutzung der Website bezogenen Daten an Google sowie die Verarbeitung  dieser Daten durch Google verhindern, indem Sie das unter dem folgenden  Link verf\u00fcgbare Browser-Plugin herunterladen und installieren: <a rel=\"noreferrer noopener\" href=\"https:\/\/tools.google.com\/dlpage\/gaoptout?hl=de\" target=\"_blank\">https:\/\/tools.google.com\/dlpage\/gaoptout?hl=de<\/a>.<br> Die Beziehung zum Webanalyseanbieter basiert beim Einsatz von Google  Analytics auf einer Auftragsdatenverarbeitung. Die \u00dcbermittlung von  Daten an den Auftragsverarbeiter basiert auf einem  Angemessenheitsbeschluss der Europ\u00e4ischen Kommission  (Selbstzertifizierung Privacy Shield). Die Daten werden regelm\u00e4\u00dfig  (derzeit alle 26 Monate) gel\u00f6scht.<\/p>\n\n\n\n<h2 class=\"wp-block-heading\">Verwendung von Google Adwords Conversion-Tracking<\/h2>\n\n\n\n<p>Diese Website nutzt das Online-Werbeprogramm \u201eGoogle  AdWords\u201c und im Rahmen von Google AdWords das Conversion-Tracking. Das  Google Conversion Tracking ist ein Analysedienst der Google Inc. (1600  Amphitheatre Parkway, Mountain View, CA 94043, USA; \u201eGoogle\u201c). Wenn Sie  auf eine von Google geschaltete Anzeige klicken, wird ein Cookie f\u00fcr das  Conversion-Tracking auf Ihrem Rechner abgelegt. Diese Cookies verlieren  nach maximal 90 Tagen ihre G\u00fcltigkeit. Wenn Sie bestimmte  Internetseiten unserer Website besuchen und das Cookie noch nicht  abgelaufen ist, kann Google und der Websitebetreiber erkennen, dass Sie  auf die Anzeige geklickt haben und zu dieser Seite weitergeleitet  wurden. Die Informationen, die mithilfe des Conversion-Cookies  eingeholten werden, dienen dazu, Conversion-Statistiken zu erstellen.  Hierbei erf\u00e4hrt der Websitebetreiber die Gesamtanzahl der Nutzer, die  auf eine Anzeige geklickt haben und zu einer mit einem  Conversion-Tracking-Tag versehenen Seite weitergeleitet wurden und\/oder  verschiedene Handlungen auf der Seite ausgef\u00fchrt haben. Der  Website-Betreiber erh\u00e4lt jedoch keine Informationen, mit denen sich  Nutzer pers\u00f6nlich identifizieren lassen. Wenn Sie nicht am Tracking  teilnehmen m\u00f6chten, k\u00f6nnen Sie dieser Nutzung widersprechen, indem Sie  die Installation der Cookies durch eine entsprechende Einstellung Ihrer  Browser Software verhindern (Deaktivierungsm\u00f6glichkeit). Sie werden  sodann nicht in die Conversion-Tracking Statistiken aufgenommen.  Weiterf\u00fchrende Informationen sowie die Datenschutzerkl\u00e4rung von Google  finden Sie unter: <a rel=\"noreferrer noopener\" href=\"http:\/\/www.google.com\/policies\/technologies\/ads\/\" target=\"_blank\">http:\/\/www.google.com\/policies\/technologies\/ads\/<\/a>, <a rel=\"noreferrer noopener\" href=\"http:\/\/www.google.de\/policies\/privacy\/\" target=\"_blank\">http:\/\/www.google.de\/policies\/privacy\/<\/a>.<\/p>\n\n\n\n<p>Die Beziehung zum Webanalyseanbieter basiert beim Einsatz des Google  Adwords Conversion-Tracking auf einer Auftragsdatenverarbeitung. Die  \u00dcbermittlung von Daten an den Auftragsverarbeiter basiert auf einem  Angemessenheitsbeschluss er Europ\u00e4ischen Kommission  (Selbstzertifizierung Privacy Shield). Google ist zudem verpflichtet,  die Daten regelm\u00e4\u00dfig (derzeit alle 39 Monate) zu l\u00f6schen.<\/p>\n\n\n\n<h2 class=\"wp-block-heading\">Google Web Fonts<\/h2>\n\n\n\n<p>Diese Seite nutzt zur einheitlichen Darstellung von  Schriftarten so genannte Web Fonts, die von Google bereitgestellt  werden. Beim Aufruf einer Seite l\u00e4dt Ihr Browser die ben\u00f6tigten Web  Fonts in ihren Browsercache, um Texte und Schriftarten korrekt  anzuzeigen.<\/p>\n\n\n\n<p>Zu diesem Zweck muss der von Ihnen verwendete Browser Verbindung zu den  Servern von Google aufnehmen. Hierdurch erlangt Google Kenntnis dar\u00fcber,  dass \u00fcber Ihre IP-Adresse unsere Website aufgerufen wurde. Die Nutzung  von Google Web Fonts erfolgt im Interesse einer einheitlichen und  ansprechenden Darstellung unserer Online-Angebote. Dies stellt ein  berechtigtes Interesse im Sinne von Art. 6 Abs. 1 lit. f DSGVO dar. Wenn Ihr Browser Web Fonts nicht unterst\u00fctzt, wird eine Standardschrift  von Ihrem Computer genutzt. Weitere Informationen zu Google Web Fonts finden Sie unter <a rel=\"noreferrer noopener\" href=\"https:\/\/developers.google.com\/fonts\/faq\" target=\"_blank\">https:\/\/developers.google.com\/fonts\/faq<\/a> und in der Datenschutzerkl\u00e4rung von Google: <a rel=\"noreferrer noopener\" href=\"https:\/\/www.google.com\/policies\/privacy\/\" target=\"_blank\">https:\/\/www.google.com\/policies\/privacy\/<\/a>. <\/p>\n","protected":false},"excerpt":{"rendered":"<p>Der Betreiber dieser Webseite nimmt den Schutz Ihrer pers\u00f6nlichen Daten sehr ernst, Ihre Privatsph\u00e4re genie\u00dft h\u00f6chste Priorit\u00e4t. Wir behandeln Ihre personenbezogenen Daten vertraulich und entsprechend der gesetzlichen Datenschutzvorschriften sowie dieser Datenschutzerkl\u00e4rung. Wenn Sie diese Website benutzen, werden verschiedene personenbezogene Daten erhoben. Dies sind Daten, mit denen Sie pers\u00f6nlich identifiziert werden k\u00f6nnen. Die folgende Datenschutzerkl\u00e4rung erl\u00e4utert, &hellip; <\/p>\n<p class=\"link-more\"><a href=\"https:\/\/www.wsm-schlafsysteme.at\/?page_id=29\" class=\"more-link\"><span class=\"screen-reader-text\">\u201eDatenschutzerkl\u00e4rung\u201c <\/span>weiterlesen<\/a><\/p>\n","protected":false},"author":1,"featured_media":0,"parent":0,"menu_order":0,"comment_status":"closed","ping_status":"closed","template":"","meta":{"footnotes":""},"class_list":["post-29","page","type-page","status-publish","hentry"],"_links":{"self":[{"href":"https:\/\/www.wsm-schlafsysteme.at\/index.php?rest_route=\/wp\/v2\/pages\/29","targetHints":{"allow":["GET"]}}],"collection":[{"href":"https:\/\/www.wsm-schlafsysteme.at\/index.php?rest_route=\/wp\/v2\/pages"}],"about":[{"href":"https:\/\/www.wsm-schlafsysteme.at\/index.php?rest_route=\/wp\/v2\/types\/page"}],"author":[{"embeddable":true,"href":"https:\/\/www.wsm-schlafsysteme.at\/index.php?rest_route=\/wp\/v2\/users\/1"}],"replies":[{"embeddable":true,"href":"https:\/\/www.wsm-schlafsysteme.at\/index.php?rest_route=%2Fwp%2Fv2%2Fcomments&post=29"}],"version-history":[{"count":2,"href":"https:\/\/www.wsm-schlafsysteme.at\/index.php?rest_route=\/wp\/v2\/pages\/29\/revisions"}],"predecessor-version":[{"id":32,"href":"https:\/\/www.wsm-schlafsysteme.at\/index.php?rest_route=\/wp\/v2\/pages\/29\/revisions\/32"}],"wp:attachment":[{"href":"https:\/\/www.wsm-schlafsysteme.at\/index.php?rest_route=%2Fwp%2Fv2%2Fmedia&parent=29"}],"curies":[{"name":"wp","href":"https:\/\/api.w.org\/{rel}","templated":true}]}}