{"id":27,"date":"2019-06-14T13:59:57","date_gmt":"2019-06-14T13:59:57","guid":{"rendered":"http:\/\/wsm.syne.at\/?page_id=27"},"modified":"2022-12-13T11:14:17","modified_gmt":"2022-12-13T11:14:17","slug":"impressum","status":"publish","type":"page","link":"https:\/\/www.wsm-schlafsysteme.at\/?page_id=27","title":{"rendered":"Impressum"},"content":{"rendered":"\n<p>WSM Wasserbetten GmbH<br>Gesch\u00e4ftsf\u00fchrer: Josef Meyh\u00f6fer<br>A-5301 Eugendorf \u00b7 Kirchenstra\u00dfe 37<br>Tel.: <a rel=\"noreferrer noopener\" aria-label=\"+43 (0) 6225\/28252 (\u00f6ffnet in neuem Tab)\" href=\"tel:+43622528252\" target=\"_blank\">+43 (0) 6225\/28252<\/a> \u00b7 Fax: DW 4<br>Email: <a href=\"mailto:office@wsm-schlafsysteme.at\">office@wsm-schlafsysteme.at<\/a> \u00b7 <a rel=\"noreferrer noopener\" aria-label=\"www.wsm-schlafsysteme.at (\u00f6ffnet in neuem Tab)\" href=\"http:\/\/www.wsm-schlafsysteme.at\" target=\"_blank\">www.wsm-schlafsysteme.at<\/a><\/p>\n\n\n\n<p><em><strong>\u00d6ffnungszeiten:<\/strong><\/em><\/p>\n\n\n\n<p><strong>Montag:<\/strong>                                     Bitte um Terminvereinbarung<\/p>\n\n\n\n<p><strong>Dienstag und Mittwoch:<\/strong>   von 10.00 &#8211; 12.30 von 14.00 &#8211; 18.00 Uhr<\/p>\n\n\n\n<p><strong>Donnerstag :  <\/strong>                          Bitte um Terminvereinbarung<\/p>\n\n\n\n<p><strong>Freitag: <\/strong>                                      Bitte um Terminvereinbarung<\/p>\n\n\n\n<p><strong>Samstag: <\/strong>                                  Bitte um Terminvereinbarung<\/p>\n\n\n\n<p>FB-Nr.: 272478d<br>UID: ATU62242157<br>Gerichtsstand: Bezirksgericht Salzburg<\/p>\n\n\n\n<figure class=\"wp-block-image\"><a href=\"http:\/\/firmen.wko.at\/Web\/DetailsInfos.aspx?FirmaID=228f7be8-ea3e-45f4-9af2-dbc1c82a9931\" target=\"_blank\" rel=\"noreferrer noopener\"><img decoding=\"async\" src=\"http:\/\/www.wsm-schlafsysteme.at\/arbeitsdaten\/bilder\/wko.jpg\" alt=\"wko\"\/><\/a><\/figure>\n\n\n\n<h2 class=\"wp-block-heading\"><strong>HAFTUNGSAUSSCHLUSS<\/strong><\/h2>\n\n\n\n<h3 class=\"wp-block-heading\">Haftung f\u00fcr Inhalte<\/h3>\n\n\n\n<p>Die Inhalte unserer Seiten wurden mit gr\u00f6\u00dfter Sorgfalt  erstellt. F\u00fcr die Richtigkeit, Vollst\u00e4ndigkeit und Aktualit\u00e4t der  Inhalte k\u00f6nnen wir jedoch keine Gew\u00e4hr \u00fcbernehmen. Als Dienstleister  sind wir f\u00fcr eigene Inhalte auf diesen Seiten nach den allgemeinen  Gesetzen verantwortlich. Als Dienstleister sind wir jedoch nicht  verpflichtet, \u00fcbermittelte oder gespeicherte fremde Informationen zu  \u00fcberwachen oder nach Umst\u00e4nden zu forschen, die auf eine rechtswidrige  T\u00e4tigkeit hinweisen. Verpflichtungen zur Entfernung oder Sperrung der  Nutzung von Informationen nach den allgemeinen Gesetzen bleiben hiervon  unber\u00fchrt. Eine diesbez\u00fcgliche Haftung ist jedoch erst ab dem Zeitpunkt  der Kenntnis einer konkreten Rechtsverletzung m\u00f6glich. Bei Bekanntwerden  von entsprechenden Rechtsverletzungen werden wir diese Inhalte umgehend  entfernen.<\/p>\n\n\n\n<h3 class=\"wp-block-heading\">Haftung f\u00fcr Links und Verweise<\/h3>\n\n\n\n<p>Unser Angebot enth\u00e4lt Links zu externen Webseiten  Dritter, auf deren Inhalte wir keinen Einfluss haben. Deshalb k\u00f6nnen wir  f\u00fcr diese fremden Inhalte auch keine Gew\u00e4hr \u00fcbernehmen. F\u00fcr die Inhalte  der verlinkten Seiten ist stets der jeweilige Anbieter oder Betreiber  der Seiten verantwortlich. Die verlinkten Seiten wurden zum Zeitpunkt  der Verlinkung auf m\u00f6gliche Rechtsverst\u00f6\u00dfe \u00fcberpr\u00fcft. Rechtswidrige  Inhalte waren zum Zeitpunkt der Verlinkung nicht erkennbar. Eine  permanente inhaltliche Kontrolle der verlinkten Seiten ist jedoch ohne  konkrete Anhaltspunkte einer Rechtsverletzung nicht zumutbar. Bei  Bekanntwerden von Rechtsverletzungen werden wir derartige Links umgehend  entfernen.<\/p>\n\n\n\n<h3 class=\"wp-block-heading\">Urheberrecht<\/h3>\n\n\n\n<p>Die durch die Seitenbetreiber erstellten Inhalte und  Werke auf diesen Seiten unterliegen dem \u00f6sterreichischen Urheberrecht.  Die Vervielf\u00e4ltigung, Bearbeitung, Verbreitung und jede Art der  Verwertung au\u00dferhalb der Grenzen des Urheberrechtes bed\u00fcrfen der  schriftlichen Zustimmung des jeweiligen Autors bzw. Erstellers.  Downloads und Kopien dieser Seite sind nur f\u00fcr den privaten, nicht  kommerziellen Gebrauch gestattet. Sollten Sie auf eine  Urheberrechtsverletzung unsererseits aufmerksam werden, bitten wir um  einen entsprechenden Hinweis. Wir werden derartige Inhalte umgehend  entfernen.<\/p>\n\n\n\n<h3 class=\"wp-block-heading\">Datenschutz<\/h3>\n\n\n\n<p>Die Nutzung unserer Webseite ist in der Regel ohne  Angabe personenbezogener Daten m\u00f6glich. Soweit auf unseren Seiten  personenbezogene Daten (beispielsweise Name, Anschrift oder  eMail-Adressen) erhoben werden, erfolgt dies, soweit m\u00f6glich, stets auf  freiwilliger Basis. Diese Daten werden ohne Ihre ausdr\u00fcckliche  Zustimmung nicht an Dritte weitergegeben. Wir weisen darauf hin, dass die Daten\u00fcbertragung im Internet (z.B. bei  der Kommunikation per E-Mail) Sicherheitsl\u00fccken aufweisen kann. Ein  l\u00fcckenloser Schutz der Daten vor dem Zugriff durch Dritte ist nicht  m\u00f6glich. Der Nutzung von im Rahmen der Impressumspflicht ver\u00f6ffentlichten  Kontaktdaten durch Dritte zur \u00dcbersendung von nicht ausdr\u00fccklich  angeforderter Werbung und Informationsmaterialien wird hiermit  ausdr\u00fccklich widersprochen. Die Betreiber der Seiten behalten sich  ausdr\u00fccklich rechtliche Schritte im Falle der unverlangten Zusendung von  Werbeinformationen, etwa durch Spam-Mails, vor.<\/p>\n\n\n\n<h3 class=\"wp-block-heading\">Datenschutzerkl\u00e4rung f\u00fcr die Nutzung von Google Analytics<\/h3>\n\n\n\n<p>Diese Website benutzt Google Analytics, einen  Webanalysedienst der Google Inc. (\u201eGoogle\u201c). Google Analytics verwendet  sog. \u201eCookies\u201c, Textdateien, die auf Ihrem Computer gespeichert werden  und die eine Analyse der Benutzung der Website durch Sie erm\u00f6glichen.  Die durch den Cookie erzeugten Informationen \u00fcber Ihre Benutzung dieser  Website werden in der Regel an einen Server von Google in den USA  \u00fcbertragen und dort gespeichert. Im Falle der Aktivierung der  IP-Anonymisierung auf dieser Webseite wird Ihre IP-Adresse von Google  jedoch innerhalb von Mitgliedstaaten der Europ\u00e4ischen Union oder in  anderen Vertragsstaaten des Abkommens \u00fcber den Europ\u00e4ischen  Wirtschaftsraum zuvor gek\u00fcrzt.<\/p>\n\n\n\n<p>Nur in Ausnahmef\u00e4llen wird die volle IP-Adresse an einen Server von  Google in den USA \u00fcbertragen und dort gek\u00fcrzt. Im Auftrag des Betreibers  dieser Website wird Google diese Informationen benutzen, um Ihre  Nutzung der Website auszuwerten, um Reports \u00fcber die Websiteaktivit\u00e4ten  zusammenzustellen und um weitere mit der Websitenutzung und der  Internetnutzung verbundene Dienstleistungen gegen\u00fcber dem  Websitebetreiber zu erbringen. Die im Rahmen von Google Analytics von  Ihrem Browser \u00fcbermittelte IP-Adresse wird nicht mit anderen Daten von  Google zusammengef\u00fchrt.<\/p>\n\n\n\n<p>Sie k\u00f6nnen die Speicherung der Cookies durch eine entsprechende  Einstellung Ihrer Browser-Software verhindern; wir weisen Sie jedoch  darauf hin, dass Sie in diesem Fall gegebenenfalls nicht s\u00e4mtliche  Funktionen dieser Website vollumf\u00e4nglich werden nutzen k\u00f6nnen. Sie  k\u00f6nnen dar\u00fcber hinaus die Erfassung der durch das Cookie erzeugten und  auf Ihre Nutzung der Website bezogenen Daten (inkl. Ihrer IP-Adresse) an  Google sowie die Verarbeitung dieser Daten durch Google verhindern,  indem sie das unter dem folgenden Link verf\u00fcgbare Browser-Plugin  herunterladen und installieren: <a rel=\"noreferrer noopener\" href=\"http:\/\/tools.google.com\/dlpage\/gaoptout?hl=de\" target=\"_blank\">http:\/\/tools.google.com\/dlpage\/gaoptout?hl=de<\/a>.<\/p>\n\n\n\n<h3 class=\"wp-block-heading\">Social Plugins<\/h3>\n\n\n\n<p>Auf dieser Website werden PlugIns des sozialen Netzwerk  Facebook, Facebook Inc., Menlo Park, California, United States, in Form  eines \u201eLike-Button\u201c und\/oder des sozialen Netzwerks Google Plus der  Google Inc., 1600 Amphitheatre Parkway, Mountain View, CA 94043, United  States, in Form eines \u201e+1-Button\u201c integriert. Das Plugin erm\u00f6glicht eine  direkte Verbindung zwischen dem Browser des Nutzers und dem Facebook-  bzw. Google-Server. Facebook bzw. Google ermitteln so Informationen  (insbesondere Datum und Uhrzeit des Website-Aufrufs und sonstige  browserbezogene Informationen) des Nutzers auf der Website. Wenn der  Nutzer den Facebook \u201eLike-Button\u201c bzw. den Google \u201e+1-Button\u201c anklickt,  w\u00e4hrend der Nutzer in seinem Facebook-Account bzw Google-Account  eingeloggt ist, ist es Facebook bzw. Google weiters m\u00f6glich, den Besuch  auf der Website dem Profil des Nutzers zuzuordnen. Weitergehende  Informationen finden Sie hier [<a rel=\"noreferrer noopener\" href=\"http:\/\/www.facebook.com\/help\/186325668085084\" target=\"_blank\">http:\/\/www.facebook.com\/help\/186325668085084<\/a>] und hier [<a rel=\"noreferrer noopener\" href=\"http:\/\/www.google.com\/intl\/de\/+\/policy\/+1button.html\" target=\"_blank\">http:\/\/www.google.com\/intl\/de\/+\/policy\/+1button.html<\/a>].  Mit Besuch der Website erkl\u00e4ren Sie sich mit einer derartigen  Verwendung Ihrer Nutzer-Informationen ausdr\u00fccklich einverstanden.<\/p>\n\n\n\n<p><a href=\"http:\/\/www.wsm-schlafsysteme.at\/?page_id=29\">Datenschutzerkl\u00e4rung<\/a><\/p>\n","protected":false},"excerpt":{"rendered":"<p>WSM Wasserbetten GmbHGesch\u00e4ftsf\u00fchrer: Josef Meyh\u00f6ferA-5301 Eugendorf \u00b7 Kirchenstra\u00dfe 37Tel.: +43 (0) 6225\/28252 \u00b7 Fax: DW 4Email: office@wsm-schlafsysteme.at \u00b7 www.wsm-schlafsysteme.at \u00d6ffnungszeiten: Montag: Bitte um Terminvereinbarung Dienstag und Mittwoch: von 10.00 &#8211; 12.30 von 14.00 &#8211; 18.00 Uhr Donnerstag : Bitte um Terminvereinbarung Freitag: Bitte um Terminvereinbarung Samstag: Bitte um Terminvereinbarung FB-Nr.: 272478dUID: ATU62242157Gerichtsstand: Bezirksgericht Salzburg HAFTUNGSAUSSCHLUSS &hellip; <\/p>\n<p class=\"link-more\"><a href=\"https:\/\/www.wsm-schlafsysteme.at\/?page_id=27\" class=\"more-link\"><span class=\"screen-reader-text\">\u201eImpressum\u201c <\/span>weiterlesen<\/a><\/p>\n","protected":false},"author":1,"featured_media":0,"parent":0,"menu_order":0,"comment_status":"closed","ping_status":"closed","template":"","meta":{"footnotes":""},"class_list":["post-27","page","type-page","status-publish","hentry"],"_links":{"self":[{"href":"https:\/\/www.wsm-schlafsysteme.at\/index.php?rest_route=\/wp\/v2\/pages\/27","targetHints":{"allow":["GET"]}}],"collection":[{"href":"https:\/\/www.wsm-schlafsysteme.at\/index.php?rest_route=\/wp\/v2\/pages"}],"about":[{"href":"https:\/\/www.wsm-schlafsysteme.at\/index.php?rest_route=\/wp\/v2\/types\/page"}],"author":[{"embeddable":true,"href":"https:\/\/www.wsm-schlafsysteme.at\/index.php?rest_route=\/wp\/v2\/users\/1"}],"replies":[{"embeddable":true,"href":"https:\/\/www.wsm-schlafsysteme.at\/index.php?rest_route=%2Fwp%2Fv2%2Fcomments&post=27"}],"version-history":[{"count":5,"href":"https:\/\/www.wsm-schlafsysteme.at\/index.php?rest_route=\/wp\/v2\/pages\/27\/revisions"}],"predecessor-version":[{"id":31995,"href":"https:\/\/www.wsm-schlafsysteme.at\/index.php?rest_route=\/wp\/v2\/pages\/27\/revisions\/31995"}],"wp:attachment":[{"href":"https:\/\/www.wsm-schlafsysteme.at\/index.php?rest_route=%2Fwp%2Fv2%2Fmedia&parent=27"}],"curies":[{"name":"wp","href":"https:\/\/api.w.org\/{rel}","templated":true}]}}