{"id":1728,"date":"2019-08-23T10:15:32","date_gmt":"2019-08-23T10:15:32","guid":{"rendered":"http:\/\/wsm.syne.at\/?page_id=1728"},"modified":"2019-08-23T11:17:22","modified_gmt":"2019-08-23T11:17:22","slug":"wassermatratzen","status":"publish","type":"page","link":"https:\/\/www.wsm-schlafsysteme.at\/?page_id=1728","title":{"rendered":"Wassermatratzen"},"content":{"rendered":"<p><section class=\"kc-elm kc-css-134964 kc_row\"><div class=\"kc-row-container  kc-container\"><div class=\"kc-wrap-columns\"><div class=\"kc-elm kc-css-531529 kc_col-sm-6 kc_column kc_col-sm-6\"><div class=\"kc-col-container\"><div class=\"kc-elm kc-css-558697 kc_text_block\"><\/p>\n<h3>Vinyl<\/h3>\n<ul>\n<li>Phthalatfrei, Mesamoll II Weichmacher von Lanxess<\/li>\n<li>~0,55 mm pearlized Royal Blue<\/li>\n<li>Spannungslose Schwei\u00dfn\u00e4hte an der Bodenseite, 5 cm aus der Kante<\/li>\n<li>Verst\u00e4rkte Ecken aus demselben Vinyl, N\u00e4hte verlaufen au\u00dferhalb der Kante<\/li>\n<li>Zwei original Blue Magic F\u00fcll- und Entl\u00fcftungst\u00fcllen<\/li>\n<li>Matratzen-Identit\u00e4tslabel mit Seriennummer<\/li>\n<li>Einrichtung zum Anbringen eines eigenen Markenlabels mit Druckkn\u00f6pfen<\/li>\n<\/ul>\n<p>\n<\/div><div class=\"kc-elm kc-css-862719 kc_shortcode kc_single_image\">\n\n        <img decoding=\"async\" src=\"https:\/\/www.wsm-schlafsysteme.at\/wp-content\/uploads\/2019\/08\/Water-Mattress-Hardside-Mono.jpg\" class=\"\" alt=\"\" \/>    \t    <p class=\"scapt\">Wassermatratze Mesamoll II<\/p>\n\t    <\/div>\n<\/div><\/div><div class=\"kc-elm kc-css-751557 kc_col-sm-6 kc_column kc_col-sm-6\"><div class=\"kc-col-container\"><div class=\"kc-elm kc-css-198348 kc_text_block\"><\/p>\n<h3>Hard Side<\/h3>\n<ul>\n<li>Geeignet f\u00fcr Wasserbetten mit gerade geschnittenem Schaumstoffrahmen oder Hard Side Betten<\/li>\n<li>Empfohlene Geometrie Schaumstoffrahmen bei Nettobettenma\u00dfen:<\/li>\n<li>Oberseite = 10 cm, Unterseite = 10 cm, H\u00f6he = 20,5 cm<\/li>\n<\/ul>\n<p>\n<\/div><div class=\"kc-elm kc-css-602905 kc_text_block\"><\/p>\n<h3>Softside<\/h3>\n<ul>\n<li>Geeignet f\u00fcr Wasserbetten mit abfallenden Schaumstoffrahmen<\/li>\n<li>Empfohlene Geometrie Schaumstoffrahmen bei Nettobettenma\u00dfen:<\/li>\n<li>Oberseite = 7 cm, Unterseite = 17 cm, H\u00f6he = 20,5 cm<\/li>\n<\/ul>\n<p>\n<\/div><\/div><\/div><\/div><\/div><\/section><section class=\"kc-elm kc-css-985677 kc_row\"><div class=\"kc-row-container  kc-container\"><div class=\"kc-wrap-columns\"><div class=\"kc-elm kc-css-657689 kc_col-sm-12 kc_column kc_col-sm-12\"><div class=\"kc-col-container\"><div class=\"kc-elm kc-css-740479 kc_text_block\"><\/p>\n<hr \/>\n<p>\n<\/div><\/div><\/div><\/div><\/div><\/section><section class=\"kc-elm kc-css-131260 kc_row\"><div class=\"kc-row-container  kc-container\"><div class=\"kc-wrap-columns\"><div class=\"kc-elm kc-css-676419 kc_col-sm-12 kc_column kc_col-sm-12\"><div class=\"kc-col-container\"><div class=\"kc-elm kc-css-564346\" style=\"height: 35px; clear: both; width:100%;\"><\/div><\/div><\/div><\/div><\/div><\/section><section class=\"kc-elm kc-css-479026 kc_row\"><div class=\"kc-row-container  kc-container\"><div class=\"kc-wrap-columns\"><div class=\"kc-elm kc-css-548284 kc_col-sm-12 kc_column kc_col-sm-12\"><div class=\"kc-col-container\"><div class=\"kc-elm kc-css-649344 kc_text_block\"><\/p>\n<h3>Stabilisierung<\/h3>\n<ul>\n<li>450 g\/m2 (5 cm starke) thermisch gebundene Highloft-Polyesterfaser pro Schicht<\/li>\n<li>Zusammengekn\u00f6pft mit wasserbest\u00e4ndigen Nylonschn\u00fcren und mit Schwimmk\u00f6rpern ausgestattet<\/li>\n<li>Stabilisierung spannungslos an den Gummi-Bodenankern befestigt<\/li>\n<li>Lendenst\u00fctze aus gleichwertigem Material f\u00fcr zus\u00e4tzliche Unterst\u00fctzung des mittleren Bereichs<\/li>\n<\/ul>\n<table style=\"height: 503px;\" border=\"0\" width=\"760\" frame=\"VOID\" rules=\"NONE\" cellspacing=\"0\">\n<colgroup>\n<col width=\"43\" \/>\n<col width=\"144\" \/>\n<col width=\"159\" \/>\n<col width=\"100\" \/>\n<col width=\"62\" \/>\n<col width=\"93\" \/> <\/colgroup>\n<tbody>\n<tr class=\"tablehead\">\n<td align=\"LEFT\" width=\"43\" height=\"17\">Typ<\/td>\n<td align=\"LEFT\" width=\"144\">Anzahl Faserschichten<\/td>\n<td align=\"LEFT\" width=\"159\">Eingebaute Lendenst\u00fctze<\/td>\n<td align=\"LEFT\" width=\"100\">Bewegungszeit<\/td>\n<td style=\"text-align: left;\" align=\"LEFT\" width=\"62\">%<\/td>\n<td align=\"LEFT\" width=\"93\">Gesamtst\u00e4rke<\/td>\n<\/tr>\n<tr>\n<td align=\"LEFT\" height=\"17\">Typ1\u00a0<\/td>\n<td style=\"text-align: center;\" align=\"RIGHT\">0<\/td>\n<td style=\"text-align: center;\" align=\"LEFT\">nein<\/td>\n<td align=\"LEFT\">4 \u2013 8 Sekunden<\/td>\n<td align=\"RIGHT\">0,00%<\/td>\n<td style=\"text-align: center;\" align=\"LEFT\">0 cm<\/td>\n<\/tr>\n<tr>\n<td align=\"LEFT\" height=\"17\">Typ2<\/td>\n<td style=\"text-align: center;\" align=\"RIGHT\">2<\/td>\n<td style=\"text-align: center;\" align=\"LEFT\">nein<\/td>\n<td align=\"LEFT\">2 &#8211; 4 Sekunden<\/td>\n<td align=\"RIGHT\">60,00%<\/td>\n<td style=\"text-align: center;\" align=\"LEFT\">10 cm<\/td>\n<\/tr>\n<tr>\n<td align=\"LEFT\" height=\"17\">Typ3<\/td>\n<td style=\"text-align: center;\" align=\"RIGHT\">3<\/td>\n<td style=\"text-align: center;\" align=\"LEFT\">nein<\/td>\n<td align=\"LEFT\">1 &#8211; 2 Sekunden<\/td>\n<td align=\"RIGHT\">80,00%<\/td>\n<td style=\"text-align: center;\" align=\"LEFT\">15 cm<\/td>\n<\/tr>\n<tr>\n<td style=\"text-align: left;\" align=\"LEFT\" height=\"17\">Typ4<\/td>\n<td style=\"text-align: center;\" align=\"RIGHT\">4<\/td>\n<td style=\"text-align: center;\" align=\"LEFT\">ja<\/td>\n<td align=\"LEFT\">0,5 &#8211; 1 Sekunde<\/td>\n<td align=\"RIGHT\">100,00%<\/td>\n<td style=\"text-align: center;\" align=\"LEFT\">20 cm<\/td>\n<\/tr>\n<tr>\n<td align=\"LEFT\" height=\"17\">Typ5<\/td>\n<td style=\"text-align: center;\" align=\"RIGHT\">5<\/td>\n<td style=\"text-align: center;\" align=\"LEFT\">ja<\/td>\n<td align=\"LEFT\">0 &#8211; 0,5 Sekunden<\/td>\n<td align=\"RIGHT\">120,00%<\/td>\n<td style=\"text-align: center;\" align=\"LEFT\">25 cm<\/td>\n<\/tr>\n<tr>\n<td align=\"LEFT\" height=\"17\">Typ6<\/td>\n<td style=\"text-align: center;\" align=\"RIGHT\">6<\/td>\n<td style=\"text-align: center;\" align=\"LEFT\">ja<\/td>\n<td align=\"LEFT\">0 Sekunden<\/td>\n<td align=\"RIGHT\">140,00%<\/td>\n<td style=\"text-align: center;\" align=\"LEFT\">30 cm<\/td>\n<\/tr>\n<\/tbody>\n<\/table>\n<p>Je nach gew\u00e4hlter Stabilisierung ben\u00f6tigt die Matratze ca. 1 bis 3 Wochen, um das maximale D\u00e4mpfungsniveau zu erreichen.<\/p>\n<ul>\n<li>Garantie &amp; Zertifikate<\/li>\n<li>Lanxess Partnerlist<\/li>\n<li>GS \/ T\u00dcV<\/li>\n<li>EN71-3<\/li>\n<li>5 Jahre Garantie gem\u00e4\u00df BT-Bedingungen<\/li>\n<\/ul>\n<p>\n<\/div><\/div><\/div><\/div><\/div><\/section><\/p>\n","protected":false},"excerpt":{"rendered":"","protected":false},"author":2,"featured_media":0,"parent":0,"menu_order":0,"comment_status":"closed","ping_status":"closed","template":"","meta":{"footnotes":""},"class_list":["post-1728","page","type-page","status-publish","hentry"],"_links":{"self":[{"href":"https:\/\/www.wsm-schlafsysteme.at\/index.php?rest_route=\/wp\/v2\/pages\/1728","targetHints":{"allow":["GET"]}}],"collection":[{"href":"https:\/\/www.wsm-schlafsysteme.at\/index.php?rest_route=\/wp\/v2\/pages"}],"about":[{"href":"https:\/\/www.wsm-schlafsysteme.at\/index.php?rest_route=\/wp\/v2\/types\/page"}],"author":[{"embeddable":true,"href":"https:\/\/www.wsm-schlafsysteme.at\/index.php?rest_route=\/wp\/v2\/users\/2"}],"replies":[{"embeddable":true,"href":"https:\/\/www.wsm-schlafsysteme.at\/index.php?rest_route=%2Fwp%2Fv2%2Fcomments&post=1728"}],"version-history":[{"count":39,"href":"https:\/\/www.wsm-schlafsysteme.at\/index.php?rest_route=\/wp\/v2\/pages\/1728\/revisions"}],"predecessor-version":[{"id":1773,"href":"https:\/\/www.wsm-schlafsysteme.at\/index.php?rest_route=\/wp\/v2\/pages\/1728\/revisions\/1773"}],"wp:attachment":[{"href":"https:\/\/www.wsm-schlafsysteme.at\/index.php?rest_route=%2Fwp%2Fv2%2Fmedia&parent=1728"}],"curies":[{"name":"wp","href":"https:\/\/api.w.org\/{rel}","templated":true}]}}