{"id":1589,"date":"2019-08-22T15:44:24","date_gmt":"2019-08-22T15:44:24","guid":{"rendered":"http:\/\/wsm.syne.at\/?page_id=1589"},"modified":"2019-08-23T09:34:26","modified_gmt":"2019-08-23T09:34:26","slug":"sicherheitswanne","status":"publish","type":"page","link":"https:\/\/www.wsm-schlafsysteme.at\/?page_id=1589","title":{"rendered":"Sicherheitswannen"},"content":{"rendered":"<p><section class=\"kc-elm kc-css-304801 kc_row\"><div class=\"kc-row-container  kc-container\"><div class=\"kc-wrap-columns\"><div class=\"kc-elm kc-css-241254 kc_col-sm-12 kc_column kc_col-sm-12\"><div class=\"kc-col-container\"><div class=\"kc-elm kc-css-380462 kc_text_block\"><\/p>\n<h2>F\u00fcr Soft-Side und Split Soft-Side<\/h2>\n<p>\n<\/div><div class=\"kc-elm kc-css-703719 kc_text_block\"><\/p>\n<h3>Vinyl<\/h3>\n<ul>\n<li>Phthalatfrei, Mesamoll II Weichmacher von Lanxess<\/li>\n<li>~0,30 mm pearlized Royal Blue<\/li>\n<li>Vorgeformte Kanten, falteten sich \u00fcber die Schaumstoffrahmen zur\u00fcck<\/li>\n<li>Schwei\u00dfn\u00e4hte zur Vermeidung von Einrei\u00dfen verst\u00e4rkt<\/li>\n<\/ul>\n<h3>Softside <em>Basic \/ Split<\/em><\/h3>\n<ul>\n<li>Geeignet f\u00fcr Wasserbetten mit keilf\u00f6rmigen Schaumstoffrahmen<\/li>\n<li>Empfohlene Geometrie Schaumstoffrahmen bei Nettobettenma\u00dfen:<\/li>\n<li>Oberseite = 7 cm, Unterseite = 17 cm, H\u00f6he = 20,5 cm<\/li>\n<\/ul>\n<p>\n<\/div><\/div><\/div><\/div><\/div><\/section><section class=\"kc-elm kc-css-763834 kc_row\"><div class=\"kc-row-container  kc-container\"><div class=\"kc-wrap-columns\"><div class=\"kc-elm kc-css-187390 kc_col-sm-6 kc_column kc_col-sm-6\"><div class=\"kc-col-container\"><div class=\"kc-elm kc-css-850020 kc_shortcode kc_single_image\">\n\n        <img decoding=\"async\" src=\"https:\/\/www.wsm-schlafsysteme.at\/wp-content\/uploads\/2019\/08\/Liner-Softside-Basic.jpg\" class=\"\" alt=\"\" \/>    \t    <p class=\"scapt\">klassiches Soft-Side<\/p>\n\t    <\/div>\n<\/div><\/div><div class=\"kc-elm kc-css-93273 kc_col-sm-6 kc_column kc_col-sm-6\"><div class=\"kc-col-container\"><div class=\"kc-elm kc-css-858597 kc_shortcode kc_single_image\">\n\n        <img decoding=\"async\" src=\"https:\/\/www.wsm-schlafsysteme.at\/wp-content\/uploads\/2019\/08\/Liner-Softside-Split.jpg\" class=\"\" alt=\"\" \/>    \t    <p class=\"scapt\">Split Soft-Side<\/p>\n\t    <\/div>\n<\/div><\/div><\/div><\/div><\/section><section class=\"kc-elm kc-css-476211 kc_row\"><div class=\"kc-row-container  kc-container\"><div class=\"kc-wrap-columns\"><div class=\"kc-elm kc-css-387434 kc_col-sm-12 kc_column kc_col-sm-12\"><div class=\"kc-col-container\"><div class=\"kc-elm kc-css-500099 kc_text_block\"><\/p>\n<hr \/>\n<p>\n<\/div><div class=\"kc-elm kc-css-497340\" style=\"height: 35px; clear: both; width:100%;\"><\/div><\/div><\/div><\/div><\/div><\/section><section class=\"kc-elm kc-css-283917 kc_row\"><div class=\"kc-row-container  kc-container\"><div class=\"kc-wrap-columns\"><div class=\"kc-elm kc-css-767860 kc_col-sm-12 kc_column kc_col-sm-12\"><div class=\"kc-col-container\"><div class=\"kc-elm kc-css-706170 kc_text_block\"><\/p>\n<h3>Vinyl<\/h3>\n<ul>\n<li>Phthalatfrei, Mesamoll II Weichmacher von Lanxess<\/li>\n<li>~0,30 mm pearlized Royal Blue<\/li>\n<li>Vorgeformte Kanten, falteten sich \u00fcber die Schaumstoffrahmen zur\u00fcck<\/li>\n<li>Schwei\u00dfn\u00e4hte zur Vermeidung von Einrei\u00dfen verst\u00e4rkt<\/li>\n<li>Rundum am Ende mit Klettband versehen, das an den dazu passenden Softside-Schaumstoffrahmen befestigt wird.<\/li>\n<\/ul>\n<h3>Softside <em>Fix<\/em><\/h3>\n<ul>\n<li>Geeignet f\u00fcr Wasserbetten mit keilf\u00f6rmigen Schaumstoffrahmen<\/li>\n<li>Empfohlene Geometrie Schaumstoffrahmen bei Nettobettenma\u00dfen:<\/li>\n<li>Oberseite = 7 cm, Unterseite = 17 cm, H\u00f6he = 20,5 cm<\/li>\n<\/ul>\n<p>\n<\/div><\/div><\/div><\/div><\/div><\/section><section class=\"kc-elm kc-css-367365 kc_row\"><div class=\"kc-row-container  kc-container\"><div class=\"kc-wrap-columns\"><div class=\"kc-elm kc-css-757040 kc_col-sm-6 kc_column kc_col-sm-6\"><div class=\"kc-col-container\"><div class=\"kc-elm kc-css-27768 kc_shortcode kc_single_image\">\n\n        <img decoding=\"async\" src=\"https:\/\/www.wsm-schlafsysteme.at\/wp-content\/uploads\/2019\/08\/Liner-Softside-Fix.jpg\" class=\"\" alt=\"\" \/>    \t    <p class=\"scapt\">klassisch Soft Side Fix  \/ Split Soft Side Fix<\/p>\n\t    <\/div>\n<\/div><\/div><div class=\"kc-elm kc-css-112683 kc_col-sm-6 kc_column kc_col-sm-6\"><div class=\"kc-col-container\"><\/div><\/div><\/div><\/div><\/section><section class=\"kc-elm kc-css-145309 kc_row\"><div class=\"kc-row-container  kc-container\"><div class=\"kc-wrap-columns\"><div class=\"kc-elm kc-css-391577 kc_col-sm-12 kc_column kc_col-sm-12\"><div class=\"kc-col-container\"><div class=\"kc-elm kc-css-948842 kc_text_block\"><\/p>\n<hr \/>\n<p>\n<\/div><\/div><\/div><\/div><\/div><\/section><section class=\"kc-elm kc-css-401337 kc_row\"><div class=\"kc-row-container  kc-container\"><div class=\"kc-wrap-columns\"><div class=\"kc-elm kc-css-289343 kc_col-sm-12 kc_column kc_col-sm-12\"><div class=\"kc-col-container\"><div class=\"kc-elm kc-css-58459\" style=\"height: 35px; clear: both; width:100%;\"><\/div><\/div><\/div><\/div><\/div><\/section><section class=\"kc-elm kc-css-697687 kc_row\"><div class=\"kc-row-container  kc-container\"><div class=\"kc-wrap-columns\"><div class=\"kc-elm kc-css-63696 kc_col-sm-12 kc_column kc_col-sm-12\"><div class=\"kc-col-container\"><div class=\"kc-elm kc-css-798336 kc_text_block\"><\/p>\n<h3>Vinyl<\/h3>\n<ul>\n<li>Aus demselben Vinyl wie die Wassermatratze hergestellt.<\/li>\n<li>Phthalatfrei, Mesamoll II Weichmacher von Lanxess<\/li>\n<li>~0,55 mm pearlized Royal Blue<\/li>\n<li>Vorgeformte Kanten, falteten sich \u00fcber die Schaumstoffrahmen zur\u00fcck<\/li>\n<li>Schwei\u00dfn\u00e4hte zur Vermeidung von Einrei\u00dfen verst\u00e4rkt<\/li>\n<li>Rundum am Ende mit Klettband versehen, das an den dazu passenden Softside-Schaumstoffrahmen befestigt wird.<\/li>\n<\/ul>\n<h3>Softside <em>Fix Exclusive<\/em><\/h3>\n<ul>\n<li>Geeignet f\u00fcr Wasserbetten mit keilf\u00f6rmigen Schaumstoffrahmen<\/li>\n<li>Empfohlene Geometrie Schaumstoffrahmen bei Nettobettenma\u00dfen:<\/li>\n<li>Oberseite = 7 cm, Unterseite = 17 cm, H\u00f6he = 20,5 cm<\/li>\n<\/ul>\n<p>\n<\/div><\/div><\/div><\/div><\/div><\/section><section class=\"kc-elm kc-css-417873 kc_row\"><div class=\"kc-row-container  kc-container\"><div class=\"kc-wrap-columns\"><div class=\"kc-elm kc-css-594281 kc_col-sm-6 kc_column kc_col-sm-6\"><div class=\"kc-col-container\"><div class=\"kc-elm kc-css-149500 kc_shortcode kc_single_image\">\n\n        <img decoding=\"async\" src=\"https:\/\/www.wsm-schlafsysteme.at\/wp-content\/uploads\/2019\/08\/1461_Softside-Fix-Exclusive.jpg\" class=\"\" alt=\"\" \/>    \t    <p class=\"scapt\">Exclusive Fix f\u00fcr klassisch und Split Soft Side<\/p>\n\t    <\/div>\n<\/div><\/div><div class=\"kc-elm kc-css-889302 kc_col-sm-6 kc_column kc_col-sm-6\"><div class=\"kc-col-container\"><\/div><\/div><\/div><\/div><\/section><section class=\"kc-elm kc-css-565599 kc_row\"><div class=\"kc-row-container  kc-container\"><div class=\"kc-wrap-columns\"><div class=\"kc-elm kc-css-796143 kc_col-sm-12 kc_column kc_col-sm-12\"><div class=\"kc-col-container\"><div class=\"kc-elm kc-css-409782 kc_text_block\"><\/p>\n<hr \/>\n<p>\n<\/div><\/div><\/div><\/div><\/div><\/section><section class=\"kc-elm kc-css-444389 kc_row\"><div class=\"kc-row-container  kc-container\"><div class=\"kc-wrap-columns\"><div class=\"kc-elm kc-css-644198 kc_col-sm-12 kc_column kc_col-sm-12\"><div class=\"kc-col-container\"><div class=\"kc-elm kc-css-486172\" style=\"height: 35px; clear: both; width:100%;\"><\/div><\/div><\/div><\/div><\/div><\/section><section class=\"kc-elm kc-css-865766 kc_row\"><div class=\"kc-row-container  kc-container\"><div class=\"kc-wrap-columns\"><div class=\"kc-elm kc-css-794596 kc_col-sm-12 kc_column kc_col-sm-12\"><div class=\"kc-col-container\"><div class=\"kc-elm kc-css-761185 kc_text_block\"><\/p>\n<h2>F\u00fcr alle Soft Side<\/h2>\n<p>\n<\/div><\/div><\/div><\/div><\/div><\/section><section class=\"kc-elm kc-css-282878 kc_row\"><div class=\"kc-row-container  kc-container\"><div class=\"kc-wrap-columns\"><div class=\"kc-elm kc-css-186953 kc_col-sm-12 kc_column kc_col-sm-12\"><div class=\"kc-col-container\"><div class=\"kc-elm kc-css-423173 kc_text_block\"><\/p>\n<h3>Vinyl<\/h3>\n<ul>\n<li>Phthalatfrei, Mesamoll II Weichmacher von Lanxess<\/li>\n<li>~0,30 mm pearlized Royal Blue<\/li>\n<li>Vorgeformte Kanten, falteten sich \u00fcber die Schaumstoffrahmen zur\u00fcck<\/li>\n<li>Schwei\u00dfn\u00e4hte zur Vermeidung von Einrei\u00dfen verst\u00e4rkt<\/li>\n<\/ul>\n<h3>Softside <em>Contour<\/em><\/h3>\n<ul>\n<li>Geeignet f\u00fcr Softside Wasserbetten mit abgeschr\u00e4gtem Schaumstoffrahmen<\/li>\n<li>Empfohlene Geometrie des Schaumstoffrahmen: Oberseite = 7 cm, Unterseite = 17 cm, H\u00f6he = 20,5 cm<\/li>\n<\/ul>\n<p>\n<\/div><\/div><\/div><\/div><\/div><\/section><section class=\"kc-elm kc-css-52912 kc_row\"><div class=\"kc-row-container  kc-container\"><div class=\"kc-wrap-columns\"><div class=\"kc-elm kc-css-442403 kc_col-sm-6 kc_column kc_col-sm-6\"><div class=\"kc-col-container\"><div class=\"kc-elm kc-css-153938 kc_shortcode kc_single_image\">\n\n        <img decoding=\"async\" src=\"https:\/\/www.wsm-schlafsysteme.at\/wp-content\/uploads\/2019\/08\/Liner-Softside-Contour.jpg\" class=\"\" alt=\"\" \/>    \t    <p class=\"scapt\">Soft Side  Contour Inliner<\/p>\n\t    <\/div>\n<\/div><\/div><div class=\"kc-elm kc-css-667588 kc_col-sm-6 kc_column kc_col-sm-6\"><div class=\"kc-col-container\"><\/div><\/div><\/div><\/div><\/section><section class=\"kc-elm kc-css-981597 kc_row\"><div class=\"kc-row-container  kc-container\"><div class=\"kc-wrap-columns\"><div class=\"kc-elm kc-css-87262 kc_col-sm-12 kc_column kc_col-sm-12\"><div class=\"kc-col-container\"><div class=\"kc-elm kc-css-74991 kc_text_block\"><\/p>\n<hr \/>\n<p>\n<\/div><\/div><\/div><\/div><\/div><\/section><section class=\"kc-elm kc-css-57391 kc_row\"><div class=\"kc-row-container  kc-container\"><div class=\"kc-wrap-columns\"><div class=\"kc-elm kc-css-953091 kc_col-sm-12 kc_column kc_col-sm-12\"><div class=\"kc-col-container\"><div class=\"kc-elm kc-css-460614\" style=\"height: 35px; clear: both; width:100%;\"><\/div><\/div><\/div><\/div><\/div><\/section><section class=\"kc-elm kc-css-808927 kc_row\"><div class=\"kc-row-container  kc-container\"><div class=\"kc-wrap-columns\"><div class=\"kc-elm kc-css-890582 kc_col-sm-12 kc_column kc_col-sm-12\"><div class=\"kc-col-container\"><div class=\"kc-elm kc-css-184420 kc_text_block\"><\/p>\n<h2>F\u00fcr alle Hard-Side Wasserbetten<\/h2>\n<p>\n<\/div><\/div><\/div><\/div><\/div><\/section><section class=\"kc-elm kc-css-600419 kc_row\"><div class=\"kc-row-container  kc-container\"><div class=\"kc-wrap-columns\"><div class=\"kc-elm kc-css-339321 kc_col-sm-12 kc_column kc_col-sm-12\"><div class=\"kc-col-container\"><div class=\"kc-elm kc-css-654955 kc_text_block\"><\/p>\n<h3>Vinyl<\/h3>\n<ul>\n<li>Phthalatfrei, Mesamoll II Weichmacher von Lanxess<\/li>\n<li>~0,30 mm pearlized Royal Blue<\/li>\n<li>Vorgeformte Kanten, falteten sich \u00fcber die Schaumstoffrahmen zur\u00fcck<\/li>\n<li>Schwei\u00dfn\u00e4hte zur Vermeidung von Einrei\u00dfen verst\u00e4rkt<\/li>\n<\/ul>\n<h3>Hardside <em>Stand-up<\/em><\/h3>\n<ul>\n<li>Geeignet f\u00fcr Hardside-Wasserbetten<\/li>\n<li>Empfohlene Tiefe des Bettgestells\/Bettkasten: 20,5 cm<\/li>\n<\/ul>\n<p>\n<\/div><\/div><\/div><\/div><\/div><\/section><section class=\"kc-elm kc-css-743357 kc_row\"><div class=\"kc-row-container  kc-container\"><div class=\"kc-wrap-columns\"><div class=\"kc-elm kc-css-93336 kc_col-sm-6 kc_column kc_col-sm-6\"><div class=\"kc-col-container\"><div class=\"kc-elm kc-css-625330 kc_shortcode kc_single_image\">\n\n        <img decoding=\"async\" src=\"https:\/\/www.wsm-schlafsysteme.at\/wp-content\/uploads\/2019\/08\/Liner-Hardside-Stand-Up.jpg\" class=\"\" alt=\"\" \/>    \t    <p class=\"scapt\">Hardside Stand-up<\/p>\n\t    <\/div>\n<\/div><\/div><div class=\"kc-elm kc-css-848753 kc_col-sm-6 kc_column kc_col-sm-6\"><div class=\"kc-col-container\"><\/div><\/div><\/div><\/div><\/section><section class=\"kc-elm kc-css-186216 kc_row\"><div class=\"kc-row-container  kc-container\"><div class=\"kc-wrap-columns\"><div class=\"kc-elm kc-css-734805 kc_col-sm-12 kc_column kc_col-sm-12\"><div class=\"kc-col-container\"><div class=\"kc-elm kc-css-295026 kc_text_block\"><\/p>\n<hr \/>\n<p>\n<\/div><\/div><\/div><\/div><\/div><\/section><section class=\"kc-elm kc-css-59525 kc_row\"><div class=\"kc-row-container  kc-container\"><div class=\"kc-wrap-columns\"><div class=\"kc-elm kc-css-231230 kc_col-sm-12 kc_column kc_col-sm-12\"><div class=\"kc-col-container\"><div class=\"kc-elm kc-css-272427\" style=\"height: 35px; clear: both; width:100%;\"><\/div><\/div><\/div><\/div><\/div><\/section><section class=\"kc-elm kc-css-546945 kc_row\"><div class=\"kc-row-container  kc-container\"><div class=\"kc-wrap-columns\"><div class=\"kc-elm kc-css-65523 kc_col-sm-12 kc_column kc_col-sm-12\"><div class=\"kc-col-container\"><div class=\"kc-elm kc-css-663636 kc_text_block\"><\/p>\n<h3>Vinyl<\/h3>\n<ul>\n<li>Phthalatfrei, Mesamoll II Weichmacher von Lanxess<\/li>\n<li>~0,30 mm pearlized Royal Blue<\/li>\n<li>Vorgeformte Kanten, falteten sich \u00fcber die Schaumstoffrahmen zur\u00fcck<\/li>\n<li>Schwei\u00dfn\u00e4hte zur Vermeidung von Einrei\u00dfen verst\u00e4rkt<\/li>\n<\/ul>\n<h3>Hardside <em>Contour<\/em><\/h3>\n<ul>\n<li>Geeignet f\u00fcr Softside-Wasserbetten mit recht ablaufenden Schaumstoffrahmen<\/li>\n<li>H\u00f6he: 20 cm<\/li>\n<li>Angegebenes Ma\u00df ist die tats\u00e4chliche gr\u00f6\u00dfe der Sicherheitswanne<\/li>\n<\/ul>\n<p>\n<\/div><\/div><\/div><\/div><\/div><\/section><section class=\"kc-elm kc-css-266483 kc_row\"><div class=\"kc-row-container  kc-container\"><div class=\"kc-wrap-columns\"><div class=\"kc-elm kc-css-98600 kc_col-sm-6 kc_column kc_col-sm-6\"><div class=\"kc-col-container\"><div class=\"kc-elm kc-css-327068 kc_shortcode kc_single_image\">\n\n        <img decoding=\"async\" src=\"https:\/\/www.wsm-schlafsysteme.at\/wp-content\/uploads\/2019\/08\/Liner-Hardside-Contour.jpg\" class=\"\" alt=\"\" \/>    \t    <p class=\"scapt\">Hard Side Contour<\/p>\n\t    <\/div>\n<\/div><\/div><div class=\"kc-elm kc-css-137229 kc_col-sm-6 kc_column kc_col-sm-6\"><div class=\"kc-col-container\"><\/div><\/div><\/div><\/div><\/section><\/p>\n","protected":false},"excerpt":{"rendered":"","protected":false},"author":2,"featured_media":0,"parent":0,"menu_order":0,"comment_status":"closed","ping_status":"closed","template":"","meta":{"footnotes":""},"class_list":["post-1589","page","type-page","status-publish","hentry"],"_links":{"self":[{"href":"https:\/\/www.wsm-schlafsysteme.at\/index.php?rest_route=\/wp\/v2\/pages\/1589","targetHints":{"allow":["GET"]}}],"collection":[{"href":"https:\/\/www.wsm-schlafsysteme.at\/index.php?rest_route=\/wp\/v2\/pages"}],"about":[{"href":"https:\/\/www.wsm-schlafsysteme.at\/index.php?rest_route=\/wp\/v2\/types\/page"}],"author":[{"embeddable":true,"href":"https:\/\/www.wsm-schlafsysteme.at\/index.php?rest_route=\/wp\/v2\/users\/2"}],"replies":[{"embeddable":true,"href":"https:\/\/www.wsm-schlafsysteme.at\/index.php?rest_route=%2Fwp%2Fv2%2Fcomments&post=1589"}],"version-history":[{"count":120,"href":"https:\/\/www.wsm-schlafsysteme.at\/index.php?rest_route=\/wp\/v2\/pages\/1589\/revisions"}],"predecessor-version":[{"id":1719,"href":"https:\/\/www.wsm-schlafsysteme.at\/index.php?rest_route=\/wp\/v2\/pages\/1589\/revisions\/1719"}],"wp:attachment":[{"href":"https:\/\/www.wsm-schlafsysteme.at\/index.php?rest_route=%2Fwp%2Fv2%2Fmedia&parent=1589"}],"curies":[{"name":"wp","href":"https:\/\/api.w.org\/{rel}","templated":true}]}}